 2
11
261 (base 10) to base 5
2021
Convert 4 (base 7) to base 8.
4
-52 (base 12) to base 15
-42
1 (base 5) to base 13
1
-3c (base 15) to base 11
-52
Convert 2 (base 8) to base 16.
2
-4 (base 15) to base 10
-4
Convert -33 (base 9) to base 6.
-50
What is -80 (base 9) in base 11?
-66
-1110 (base 2) to base 6
-22
What is -6 (base 7) in base 9?
-6
8 (base 9) to base 2
1000
-2 (base 11) to base 5
-2
Convert -11 (base 2) to base 11.
-3
Convert -60 (base 8) to base 6.
-120
Convert 1030 (base 6) to base 13.
150
What is 50 (base 6) in base 13?
24
Convert -10a (base 11) to base 13.
-a1
-2 (base 4) to base 8
-2
What is 60 (base 14) in base 13?
66
Convert 57 (base 16) to base 11.
7a
-3 (base 15) to base 3
-10
-1 (base 8) to base 3
-1
11 (base 3) to base 4
10
What is 0 (base 6) in base 15?
0
What is -5 (base 13) in base 4?
-11
Convert 3 (base 6) to base 12.
3
-122 (base 4) to base 3
-222
-22 (base 10) to base 13
-19
-2 (base 5) to base 13
-2
Convert -1 (base 3) to base 7.
-1
-2 (base 7) to base 8
-2
-33 (base 6) to base 8
-25
What is 12 (base 12) in base 15?
e
3 (base 9) to base 15
3
What is 1 (base 4) in base 8?
1
Convert -12 (base 11) to base 16.
-d
Convert 37 (base 12) to base 8.
53
What is -21 (base 4) in base 8?
-11
What is 19 (base 12) in base 5?
41
-20 (base 8) to base 16
-10
Convert 4 (base 5) to base 14.
4
Convert -10 (base 10) to base 5.
-20
Convert 2 (base 11) to base 2.
10
What is 3 (base 9) in base 16?
3
-9 (base 11) to base 4
-21
1100 (base 4) to base 14
5a
Convert 21 (base 10) to base 12.
19
-111 (base 2) to base 8
-7
32 (base 9) to base 12
25
What is 1 (base 14) in base 9?
1
-1011 (base 3) to base 5
-111
Convert 11 (base 6) to base 3.
21
2 (base 8) to base 14
2
What is -21 (base 15) in base 8?
-37
Convert -5 (base 6) to base 7.
-5
Convert 3 (base 6) to base 5.
3
-6 (base 11) to base 9
-6
Convert 9 (base 13) to base 10.
9
Convert -1c (base 13) to base 10.
-25
Convert -24 (base 5) to base 16.
-e
Convert -4 (base 8) to base 9.
-4
Convert 2c (base 13) to base 11.
35
Convert 123 (base 9) to base 5.
402
53 (base 7) to base 11
35
Convert 105 (base 6) to base 7.
56
10 (base 7) to base 15
7
5 (base 10) to base 5
10
-63 (base 7) to base 10
-45
-2 (base 12) to base 13
-2
Convert 45 (base 8) to base 14.
29
1111 (base 3) to base 13
31
What is -8 (base 11) in base 15?
-8
22 (base 4) to base 16
a
What is 46 (base 12) in base 5?
204
Convert 2 (base 4) to base 12.
2
Convert -24 (base 12) to base 4.
-130
Convert -11 (base 15) to base 13.
-13
Convert 56 (base 7) to base 16.
29
Convert 270 (base 9) to base 12.
169
What is -1100 (base 2) in base 12?
-10
-240 (base 5) to base 3
-2121
What is 7 (base 16) in base 7?
10
b (base 15) to base 16
b
Convert 23 (base 6) to base 5.
30
What is 2 (base 14) in base 15?
2
2 (base 8) to base 9
2
What is -31 (base 4) in base 7?
-16
4 (base 15) to base 3
11
Convert 28 (base 15) to base 9.
42
-20 (base 5) to base 6
-14
12122 (base 3) to base 13
b9
12 (base 5) to base 16
7
-4 (base 6) to base 15
-4
What is 115 (base 6) in base 2?
101111
What is -10010 (base 2) in base 14?
-14
-3 (base 12) to base 13
-3
What is -199 (base 13) in base 3?
-101221
1000 (base 2) to base 10
8
Convert 53 (base 10) to base 12.
45
What is -c (base 14) in base 7?
-15
-2 (base 4) to base 16
-2
What is -210 (base 5) in base 2?
-110111
What is 5 (base 15) in base 6?
5
Convert 1c (base 14) to base 12.
22
Convert -6 (base 16) to base 8.
-6
What is 11 (base 16) in base 11?
16
What is -11 (base 9) in base 12?
-a
Convert -b (base 16) to base 11.
-10
What is -20 (base 14) in base 16?
-1c
-342 (base 5) to base 16
-61
Convert 149 (base 14) to base 16.
105
-10 (base 3) to base 14
-3
10 (base 3) to base 11
3
What is -16 (base 10) in base 5?
-31
Convert 33 (base 10) to base 7.
45
What is 14 (base 8) in base 13?
c
Convert 1 (base 10) to base 7.
1
13 (base 15) to base 10
18
What is -3 (base 7) in base 12?
-3
What is -1a (base 13) in base 11?
-21
Convert -2 (base 10) to base 5.
-2
Convert -23 (base 11) to base 10.
-25
Convert 101010 (base 2) to base 14.
30
What is -19 (base 14) in base 9?
-25
-2031 (base 5) to base 14
-150
What is -140 (base 8) in base 16?
-60
Convert -1 (base 10) to base 16.
-1
Convert 3 (base 5) to base 2.
11
Convert 6 (base 16) to base 3.
20
b (base 12) to base 3
102
What is -2121 (base 3) in base 13?
-55
Convert 1 (base 14) to base 15.
1
503 (base 6) to base 11
157
What is -221 (base 8) in base 6?
-401
What is 10 (base 3) in base 2?
11
Convert 8 (base 10) to base 7.
11
Convert 122 (base 6) to base 9.
55
-21 (base 10) to base 11
-1a
What is 2 (base 15) in base 6?
2
Convert 6d (base 14) to base 15.
67
-3 (base 9) to base 8
-3
What is 10 (base 11) in base 12?
b
What is 2 (base 4) in base 7?
2
What is -e (base 15) in base 4?
-32
What is 1313 (base 4) in base 16?
77
Convert -1 (base 13) to base 14.
-1
Convert -2b (base 13) to base 11.
-34
What is -100112 (base 3) in base 14?
-145
122 (base 3) to base 9
18
-1 (base 8) to base 2
-1
Convert 243 (base 5) to base 13.
58
Convert -35 (base 7) to base 6.
-42
75 (base 11) to base 14
5c
Convert -13 (base 7) to base 5.
-20
-3 (base 8) to base 3
-10
-33 (base 4) to base 14
-11
What is -32 (base 11) in base 4?
-203
Convert 2d (base 15) to base 5.
133
What is 14 (base 14) in base 7?
24
What is 45 (base 8) in base 12?
31
Convert -131 (base 8) to base 3.
-10022
What is -20 (base 4) in base 8?
-10
What is -6 (base 9) in base 11?
-6
-20 (base 9) to base 6
-30
Convert -310 (base 7) to base 16.
-9a
Convert -2 (base 3) to base 10.
-2
What is -11100 (base 2) in base 10?
-28
Convert 36 (base 11) to base 16.
27
Convert 1 (base 3) to base 15.
1
20 (base 15) to base 3
1010
-31 (base 11) to base 14
-26
What is -20 (base 14) in base 2?
-11100
112 (base 7) to base 8
72
-31 (base 6) to base 3
-201
Convert 6 (base 13) to base 9.
6
-7 (base 9) to base 7
-10
What is -21 (base 10) in base 12?
-19
-42 (base 5) to base 7
-31
What is 9 (base 11) in base 2?
1001
What is 2b (base 13) in base 14?
29
-13 (base 6) to base 4
-21
What is -6 (base 9) in base 12?
-6
What is 0 (base 14) in base 16?
0
Convert 10101 (base 2) to base 14.
17
-1 (base 2) to base 10
-1
Convert 1102 (base 7) to base 2.
110001010
-3 (base 8) to base 3
-10
-14 (base 16) to base 7
-26
Convert -1 (base 7) to base 3.
-1
4 (base 10) to base 2
100
240 (base 7) to base 10
126
Convert -3210 (base 5) to base 6.
-1554
Convert 221 (base 9) to base 11.
155
Convert -42 (base 9) to base 15.
-28
What is 9 (base 13) in base 10?
9
-7 (base 15) to base 13
-7
-2 (base 4) to base 15
-2
What is 1a (base 14) in base 12?
20
What is 3 (base 7) in base 13?
3
What is 11 (base 3) in base 12?
4
What is -55 (base 6) in base 3?
-1022
50 (base 11) to base 15
3a
-35 (base 13) to base 2
-101100
-6 (base 16) to base 11
-6
What is -6 (base 14) in base 5?
-11
-22 (base 10) to base 14
-18
What is f (base 16) in base 11?
14
Convert -6 (base 9) to base 10.
-6
-6 (base 14) to base 16
-6
-b (base 13) to base 9
-12
Convert 15 (base 6) to base 11.
10
-5 (base 7) to base 16
-5
What is -118 (base 10) in base 4?
-1312
-33 (base 5) to base 9
-20
What is 3 (base 12) in base 11?
3
What is -7 (base 10) in base 6?
-11
What is -223 (base 9) in base 7?
-351
-117 (base 11) to base 8
-213
What is 2 (base 13) in base 16?
2
Convert -11 (base 5) to base 13.
-6
What is 151 (base 13) in base 3?
22201
What is -1 (base 16) in base 3?
-1
-101011 (base 2) to base 9
-47
What is 113 (base 6) in base 16?
2d
What is 231 (base 6) in base 2?
1011011
Convert -2 (base 15) to base 6.
-2
Convert -101 (base 5) to base 3.
-222
Convert 55 (base 7) to base 16.
28
Convert 4 (base 16) to base 5.
4
What is 101101 (base 2) in base 5?
140
What is 14 (base 7) in base 9?
12
What is 34 (base 6) in base 13?
19
Convert 6 (base 7) to base 13.
6
What is 11 (base 2) in base 15?
3
Convert 15 (base 12) to base 3.
122
What is -101 (base 2) in base 14?
-5
-1 (base 3) to base 2
-1
Convert -9 (base 12) to base 13.
-9
What is 10 (base 4) in base 16?
4
Convert -5 (base 6) to base 7.
-5
Convert 210 (base 4) to base 14.
28
What is -146 (base 8) in base 7?
-204
47 (base 14) to base 8
77
6 (base 9) to base 10
6
What is -3 (base 9) in base 4?
-3
11 (base 2) to base 7
3
Convert 1a (base 15) to base 2.
11001
Convert 11 (base 2) to base 6.
3
130 (base 12) to base 15
c0
34 (base 1